{"id":15,"date":"2024-01-02T12:04:14","date_gmt":"2024-01-02T12:04:14","guid":{"rendered":"https:\/\/ff-gambach-rohr-waal.de\/?page_id=15"},"modified":"2025-06-24T23:01:36","modified_gmt":"2025-06-24T21:01:36","slug":"jugend","status":"publish","type":"page","link":"https:\/\/ff-gambach-rohr-waal.de\/?page_id=15","title":{"rendered":"Jugend"},"content":{"rendered":"\n<figure class=\"wp-block-image size-large\"><img loading=\"lazy\" decoding=\"async\" width=\"1600\" height=\"1000\" src=\"https:\/\/ff-gambach-rohr-waal.de\/wp-content\/uploads\/2024\/07\/grafik-2-edited.png\" alt=\"\" class=\"wp-image-354\" srcset=\"https:\/\/ff-gambach-rohr-waal.de\/wp-content\/uploads\/2024\/07\/grafik-2-edited.png 1600w, https:\/\/ff-gambach-rohr-waal.de\/wp-content\/uploads\/2024\/07\/grafik-2-edited-300x188.png 300w, https:\/\/ff-gambach-rohr-waal.de\/wp-content\/uploads\/2024\/07\/grafik-2-edited-1024x640.png 1024w, https:\/\/ff-gambach-rohr-waal.de\/wp-content\/uploads\/2024\/07\/grafik-2-edited-768x480.png 768w, https:\/\/ff-gambach-rohr-waal.de\/wp-content\/uploads\/2024\/07\/grafik-2-edited-1536x960.png 1536w\" sizes=\"auto, (max-width: 1600px) 100vw, 1600px\" \/><\/figure>\n\n\n\n<div style=\"height:20px\" aria-hidden=\"true\" class=\"wp-block-spacer\"><\/div>\n\n\n\n<p>In unserer Jugendfeuerwehr wird unser Feuerwehrnachwuchs im Alter von 14 bis 17 Jahren f\u00fcr den sp\u00e4teren Einsatzdienst vorbereitet. Neben feuerwehrtechnischen \u00dcbungen stehen auch andere abwechslungsreiche \u00dcbungsinhalte oder Veranstaltungen auf dem Plan.<\/p>\n\n\n\n<p>Vinzenz Kamm, Benedikt Penker und Anna-Lena Liebhardt freuen sich auf weitere Jugendliche die gerne unsere Feuerwehr kennenlernen wollen. Du hast Interesse? Dann <a href=\"jugendwarte@ff-gambach-rohr-waal.de\">meld<\/a> dich gerne bei uns.<\/p>\n\n\n\n<div class=\"wp-block-columns is-layout-flex wp-container-core-columns-is-layout-28f84493 wp-block-columns-is-layout-flex\">\n<div class=\"wp-block-column is-layout-flow wp-block-column-is-layout-flow\"><div class=\"wp-block-image\">\n<figure class=\"alignleft size-full is-resized\"><img loading=\"lazy\" decoding=\"async\" width=\"591\" height=\"591\" src=\"http:\/\/ff-gambach-rohr-waal.de\/wp-content\/uploads\/2024\/01\/Person-1.png\" alt=\"\" class=\"wp-image-66\" style=\"width:150px\" srcset=\"https:\/\/ff-gambach-rohr-waal.de\/wp-content\/uploads\/2024\/01\/Person-1.png 591w, https:\/\/ff-gambach-rohr-waal.de\/wp-content\/uploads\/2024\/01\/Person-1-300x300.png 300w, https:\/\/ff-gambach-rohr-waal.de\/wp-content\/uploads\/2024\/01\/Person-1-150x150.png 150w\" sizes=\"auto, (max-width: 591px) 100vw, 591px\" \/><\/figure>\n<\/div>\n\n\n<p><strong>Vinzenz Kamm<\/strong><\/p>\n\n\n\n<p>Jugendwart<\/p>\n<\/div>\n\n\n\n<div class=\"wp-block-column is-layout-flow wp-block-column-is-layout-flow\"><div class=\"wp-block-image\">\n<figure class=\"alignleft size-full is-resized\"><img loading=\"lazy\" decoding=\"async\" width=\"591\" height=\"591\" src=\"http:\/\/ff-gambach-rohr-waal.de\/wp-content\/uploads\/2024\/01\/Person-1.png\" alt=\"\" class=\"wp-image-66\" style=\"width:150px\" srcset=\"https:\/\/ff-gambach-rohr-waal.de\/wp-content\/uploads\/2024\/01\/Person-1.png 591w, https:\/\/ff-gambach-rohr-waal.de\/wp-content\/uploads\/2024\/01\/Person-1-300x300.png 300w, https:\/\/ff-gambach-rohr-waal.de\/wp-content\/uploads\/2024\/01\/Person-1-150x150.png 150w\" sizes=\"auto, (max-width: 591px) 100vw, 591px\" \/><\/figure>\n<\/div>\n\n\n<p><strong>Benedikt Penker<\/strong><\/p>\n\n\n\n<p>Stellv. Jugendwart<\/p>\n<\/div>\n<\/div>\n\n\n\n<div class=\"wp-block-columns is-layout-flex wp-container-core-columns-is-layout-28f84493 wp-block-columns-is-layout-flex\">\n<div class=\"wp-block-column is-layout-flow wp-block-column-is-layout-flow\"><div class=\"wp-block-image\">\n<figure class=\"alignleft size-full is-resized\"><img loading=\"lazy\" decoding=\"async\" width=\"1706\" height=\"2560\" src=\"http:\/\/ff-gambach-rohr-waal.de\/wp-content\/uploads\/2024\/10\/Portraets-17-scaled.jpg\" alt=\"\" class=\"wp-image-373\" style=\"width:150px\" srcset=\"https:\/\/ff-gambach-rohr-waal.de\/wp-content\/uploads\/2024\/10\/Portraets-17-scaled.jpg 1706w, https:\/\/ff-gambach-rohr-waal.de\/wp-content\/uploads\/2024\/10\/Portraets-17-200x300.jpg 200w, https:\/\/ff-gambach-rohr-waal.de\/wp-content\/uploads\/2024\/10\/Portraets-17-683x1024.jpg 683w, https:\/\/ff-gambach-rohr-waal.de\/wp-content\/uploads\/2024\/10\/Portraets-17-768x1152.jpg 768w, https:\/\/ff-gambach-rohr-waal.de\/wp-content\/uploads\/2024\/10\/Portraets-17-1024x1536.jpg 1024w, https:\/\/ff-gambach-rohr-waal.de\/wp-content\/uploads\/2024\/10\/Portraets-17-1365x2048.jpg 1365w\" sizes=\"auto, (max-width: 1706px) 100vw, 1706px\" \/><\/figure>\n<\/div>\n\n\n<p><strong>Anna-Lena Liebhardt<\/strong><\/p>\n\n\n\n<p>Stellv. Jugendwart<\/p>\n<\/div>\n\n\n\n<div class=\"wp-block-column is-layout-flow wp-block-column-is-layout-flow\">\n<p><\/p>\n<\/div>\n<\/div>\n\n\n\n<p><\/p>\n\n\n\n<div class=\"wp-block-columns is-layout-flex wp-container-core-columns-is-layout-28f84493 wp-block-columns-is-layout-flex\">\n<div class=\"wp-block-column is-layout-flow wp-block-column-is-layout-flow\"><\/div>\n\n\n\n<div class=\"wp-block-column is-layout-flow wp-block-column-is-layout-flow\"><\/div>\n\n\n\n<div class=\"wp-block-column is-layout-flow wp-block-column-is-layout-flow\"><\/div>\n<\/div>\n","protected":false},"excerpt":{"rendered":"<p>In unserer Jugendfeuerwehr wird unser Feuerwehrnachwuchs im Alter von 14 bis 17 Jahren f\u00fcr den sp\u00e4teren Einsatzdienst vorbereitet. Neben feuerwehrtechnischen \u00dcbungen stehen auch andere abwechslungsreiche \u00dcbungsinhalte oder Veranstaltungen auf dem Plan. Vinzenz Kamm, Benedikt Penker und Anna-Lena Liebhardt freuen sich auf weitere Jugendliche die gerne unsere Feuerwehr kennenlernen wollen. Du [&hellip;]<\/p>\n","protected":false},"author":1,"featured_media":357,"parent":0,"menu_order":0,"comment_status":"closed","ping_status":"closed","template":"","meta":{"footnotes":""},"class_list":["post-15","page","type-page","status-publish","has-post-thumbnail","hentry"],"_links":{"self":[{"href":"https:\/\/ff-gambach-rohr-waal.de\/index.php?rest_route=\/wp\/v2\/pages\/15","targetHints":{"allow":["GET"]}}],"collection":[{"href":"https:\/\/ff-gambach-rohr-waal.de\/index.php?rest_route=\/wp\/v2\/pages"}],"about":[{"href":"https:\/\/ff-gambach-rohr-waal.de\/index.php?rest_route=\/wp\/v2\/types\/page"}],"author":[{"embeddable":true,"href":"https:\/\/ff-gambach-rohr-waal.de\/index.php?rest_route=\/wp\/v2\/users\/1"}],"replies":[{"embeddable":true,"href":"https:\/\/ff-gambach-rohr-waal.de\/index.php?rest_route=%2Fwp%2Fv2%2Fcomments&post=15"}],"version-history":[{"count":8,"href":"https:\/\/ff-gambach-rohr-waal.de\/index.php?rest_route=\/wp\/v2\/pages\/15\/revisions"}],"predecessor-version":[{"id":390,"href":"https:\/\/ff-gambach-rohr-waal.de\/index.php?rest_route=\/wp\/v2\/pages\/15\/revisions\/390"}],"wp:featuredmedia":[{"embeddable":true,"href":"https:\/\/ff-gambach-rohr-waal.de\/index.php?rest_route=\/wp\/v2\/media\/357"}],"wp:attachment":[{"href":"https:\/\/ff-gambach-rohr-waal.de\/index.php?rest_route=%2Fwp%2Fv2%2Fmedia&parent=15"}],"curies":[{"name":"wp","href":"https:\/\/api.w.org\/{rel}","templated":true}]}}